+ 1 + (4 - 0). Let s be t/14 + 3/21*-30. Let d(q) = -q**2 - 7*q - 2. What is the units digit of d(s)?
0
Suppose b - 33*b - 192 = 0. What is the thousands digit of 5/40 - (78355/(-40) + b)?
1
Let k(d) = 6*d**2 + d + 1. Let b = -58 - -62. Suppose -3*l - x - 6 = -l, -2*l + 14 = -b*x. What is the units digit of k(l)?
6
Let l(b) = -7*b + 181. Let p be l(25). What is the units digit of 2876/p - 112/48?
7
Let s be ((-3)/(-3) - -4)*(-2)/(-5). Suppose z + s*p = 214, -3*p - 209 = -0*z - z. What is the hundreds digit of z?
2
Let b = 25 - 16. Suppose -b*s = -7*s - 300. Suppose -10*o - s = -15*o. What is the units digit of o?
0
Let g = -197 - -141. Let x = g + 7. Let q = 208 - x. What is the units digit of q?
7
Let i = 25279 - -6474. What is the tens digit of i?
5
Suppose 5*y - 41 - 9 = 0. Let n = 916 + -917. What is the tens digit of (2 - 80/25)/(n/y)?
1
Let y(a) = -68*a**2 - 2*a - 8. Let b be y(-2). Let s be 4449/(-9) + 2/(-3). Let g = b - s. What is the units digit of g?
9
Suppose -3*q - w = -37591, -5*w = -83*q + 84*q - 12535. What is the ten thousands digit of q?
1
Suppose -5*f + x + 127 = 0, x = -4*f - 4*x + 119. Let s = -306 - -334. What is the tens digit of (s/(-3))/(f/(-234))?
8
Let q(n) = 784*n**3 - n**2 - 5*n + 5. Suppose -5*s + 4*b - 1 = 10, 2*b - 8 = 0. What is the tens digit of q(s)?
8
Suppose -7*t + 6*t + 14183 = -4*w, 3*w + 56784 = 4*t. What is the units digit of t?
9
Suppose -2*a - s = 9, s - 3 = 3*a - s. Let b be 1*-1*(a - -1). Suppose 4*i - 486 = -2*z - z, 2*i - 250 = b*z. What is the tens digit of i?
2
Suppose -74 = 16*i - 10. What is the units digit of 616/2 - i*2?
6
Let b = 44021 - 22802. What is the hundreds digit of b?
2
Let z = 69525 + -46768. What is the thousands digit of z?
2
Let c be -14*82*(-1)/1. Suppose c - 222 = 2*z. What is the units digit of z?
3
Let h(m) = 23*m. Let b be h(10). Let l = 1533 - b. What is the thousands digit of l?
1
Suppose 3*l - 7 - 5 = 0. Suppose -w - 23 = -l*n, -3*n + 6 = 3*w - 0*w. Suppose -3*f - x + 148 = 0, 2*f + 54 = n*x + 164. What is the tens digit of f?
5
Suppose 5*n = -89 - 71. Let u be 12/8*n/(-6). Let b(r) = -r**2 + 22*r - 31. What is the tens digit of b(u)?
8
Suppose -8*b + 12*b + 18*b - 300740 = 0. What is the units digit of b?
0
Suppose 4*v - 7132 = 35*f - 31*f, -2*f + 7090 = 4*v. What is the units digit of v?
6
Suppose -q - 3*w - 4984 = -16933, 7*q = -4*w + 83677. What is the units digit of q?
5
Let l = 273 - -9202. What is the thousands digit of l?
9
Let f = -14992 + 17547. What is the thousands digit of f?
2
Let g = 95049 - 50611. What is the ten thousands digit of g?
4
Suppose 2*h - 29362 = a, 5*h - 3*a - 45843 = 27565. What is the thousands digit of h?
4
Let l(o) = 240*o**2 + 16*o - 107. What is the tens digit of l(4)?
9
Let t be 8 - ((-168)/4 + 8). Suppose t*f - 49*f = -6552. What is the tens digit of f?
3
Suppose 3*o - 6 = 0, 6*o = 4*d + o - 25666. What is the hundreds digit of d?
4
Let y = -188 - -189. What is the tens digit of (-452)/(-4) + (y - 1)?
1
Let g = -110 - -120. Suppose -5*x + s + 846 = 0, 13*s - 862 = -5*x + g*s. What is the hundreds digit of x?
1
What is the tens digit of -11 - (-18092 - -8) - -16?
8
Let f be 2*164/4*-1 + 2. What is the tens digit of ((394/5)/1)/((-16)/f)?
9
Suppose 0 = -16*i + 25*i - 335313. Let s be (4/(-6))/((-22)/i). Suppose 5*z = -54 + s. What is the hundreds digit of z?
2
Let c be (7/(-2) - -3)/((-4)/96). Suppose 4*k = -c, 65 = r + r - 3*k. Suppose 95 + r = 3*v. What is the tens digit of v?
4
Suppose 1214257 = 82*s + 687211 - 1299012. What is the ten thousands digit of s?
2
Let x = -19 + -65. What is the tens digit of 12/x - (-2073)/7?
9
Let v be 60/16 + ((-76)/16 - -4). Let f(o) = 7*o - 15. What is the units digit of f(v)?
6
Suppose -106*s + 107*s - 2*g - 2040 = 0, -2*g + 2036 = s. What is the units digit of s?
8
Let a(w) = -26*w + 80. Let d be a(3). Suppose 231 = p - d*n, -4*p + 10*n - 6*n + 940 = 0. What is the tens digit of p?
3
Let t(p) = p**2 - 13*p + 47. Let i(o) be the second derivative of -o**4/12 + o**3/6 - o**2/2 + 11*o. Let c(f) = -3*i(f) + t(f). What is the tens digit of c(6)?
9
Suppose -2*z + 44 = 126. Let h = 46 + z. Suppose 446 + 194 = h*j. What is the hundreds digit of j?
1
Let v(q) = 93*q + 1326. What is the hundreds digit of v(5)?
7
Let z = 20025 - 10910. What is the units digit of z?
5
Suppose -27901 + 6397 = -12*u. Suppose -755*c + 762*c - u = 0. What is the units digit of c?
6
Suppose 4*k - 3*p + 248 = -92, 0 = 2*p + 8. What is the hundreds digit of 22/k + (-461)/(-4)?
1
What is the tens digit of 59362/(-2*18/(-16) + 22/(-88))?
8
Suppose 3*c = g + 238645, 3*g + 51380 = c - 28163. What is the units digit of c?
9
Let i(z) = 2*z**2 + 15*z - 11. Let p be i(-12). Let t be 0 + 3 - (2 + -3 + 0). Suppose 235 = 4*n + 3*q - p, -t*n = 5*q - 332. What is the tens digit of n?
8
Let j(g) = g**2 + 19*g - 37. Let r be j(-21). Suppose -2*y - 3*y = 3*z - 846, 5*y = -r*z + 1400. What is the tens digit of z?
7
Let x = 2406 - 54. What is the tens digit of x?
5
Suppose -4*l = 44*t - 42*t - 32, -5*l + 37 = 4*t. Let r = 139 - 59. Suppose -r = -a - l*a. What is the units digit of a?
8
Let u(c) = 3*c - 10. Let s be u(2). What is the units digit of 1240/(-16)*-2 - s?
9
Let f be 3/(-63)*-6 - (-150)/14. Let y be 1/(f/(-6) + 2). Suppose 756 - 150 = y*g. What is the tens digit of g?
0
What is the units digit of (1659/(-2))/(-6 + -8*1866/(-2496))?
4
Suppose -40*y + 231307 = -102013. What is the thousands digit of y?
8
Let g(y) = 64*y**2 - 47*y + 189. What is the tens digit of g(7)?
9
Suppose -5*k - 5 + 26 = 4*q, 5*k = -3*q + 22. Suppose 4*s = 5*s + n - 40, -200 = -k*s + n. What is the units digit of s?
0
Let l = 90 + -85. Suppose l*m - 6*m + 4*p = -926, 3730 = 4*m - 3*p. What is the tens digit of m?
3
Suppose -5 = -0*k - k + l, 0 = 2*k + 4*l + 8. Let r(f) = 295*f**2 + 9*f + 9. What is the tens digit of r(k)?
0
Let q(k) = k**3 + 14*k**2 - 15*k + 6. Let y = -23 - -8. Let m be q(y). Suppose 35 = -m*h + 365. What is the units digit of h?
5
Let m(l) = l**3 - 11*l**2 + 12*l + 4. Suppose -6*k = -163 + 91. What is the tens digit of m(k)?
9
Suppose 11*w = -4*w - 135. What is the units digit of 180/w*75/(-4)?
5
Suppose 0 = 60*z - 989598 + 377560 - 1443802. What is the tens digit of z?
6
What is the tens digit of 17283 + 1*(-9 - -13)?
8
Suppose 861129 = 70*c + 49409. What is the thousands digit of c?
1
What is the thousands digit of 7 + 1560/75*(-3220)/(-8)?
8
Let g(y) be the first derivative of y**3/3 + 13*y**2 - 36*y + 24. What is the tens digit of g(11)?
7
Let n be (-5)/5*2*(-6)/4. Suppose -n*j - 5776 = -19*j. What is the tens digit of j?
6
Let x(n) = 200*n**2 + 185*n - 118. What is the hundreds digit of x(-12)?
4
Suppose y + 15 = -2*y. Let z(g) = -g**3 + 22*g**2 + 48*g - 14. Let c be z(24). What is the tens digit of 34/y*(-24 - c)?
6
Suppose 10*h - 25 = 15*h, 5*g - 2*h = 57635. What is the hundreds digit of g?
5
Let d(m) = 4*m - 6. Let w be d(2). Suppose -w*l - 31 = -77. Suppose 191 = 4*f + l. What is the tens digit of f?
4
Let j(t) = 2*t**3 - 2*t**2 - t + 641. Suppose 4*a + 14 - 2 = 0, 0 = 5*s - 4*a - 12. What is the hundreds digit of j(s)?
6
Let r = -992 - -3980. Let u = r + -2050. Suppose -u = 2*t - 9*t. What is the units digit of t?
4
Let g be (-11)/(0 + (-6)/1308). Let n = g + -1652. What is the tens digit of n?
4
Suppose -4*n - 13*n + 595 = 0. Suppose 29*h + 1206 = n*h. What is the tens digit of h?
0
Let z(o) = -137*o - 348. What is the thousands digit of z(-17)?
1
Suppose -4668 = 37*u + 1585. Let p be 27/(-6)*2*8. Let k = p - u. What is the units digit of k?
7
Let a(m) = 2340*m - 1070. What is the hundreds digit of a(5)?
6
Let i(y) = 5735*y + 9581. What is the units digit of i(8)?
1
Suppose -2*v + 17330 = -2*j, 5*v + 11*j - 15*j - 43326 = 0. What is the tens digit of v?
6
Let x = 15630 - 7727. Suppose 8*l = x - 2383. What is the hundreds digit of l?
6
What is the hundreds digit of ((-958)/1437)/((-1)/11685)?
7
Suppose 36*q - 636224 - 327271 = -45*q. What is the ten thousands digit of q?
1
Let t(o) = o**3 - 4*o**2 + 3*o + 13. Let r be 2/(-6) + 1 + 2/(-3). Suppose -6*j - 3 + 39 = r. What is the tens digit of t(j)?
0
Suppose 2*a - 42392 = 22*k - 27*k, -2*k - a = -16958. What is the units digit of k?
6
Let o be 5 - 4*((-10)/8)/(-5). Suppose -6*y + 5*y = -o